 -l**6/120 - l**5/20 + l**4/24 - l**3/3 - 16*l**2. What is r(-4)?
10
Suppose 3*j - 2*g - 12 = -2, -15 = -3*j - 3*g. Let v be 8/(-6)*(-6)/j. Let h(n) = -n**2 + 5*n + v*n**2 + 6 + 0*n. Calculate h(-5).
6
Let c be 20/(-50) - (-66)/(-10). Let p(l) = -l**3 - 7*l**2 + 2*l - 4. Calculate p(c).
-18
Suppose -3*y = -y - 12. Let a(f) = 2*f - 2. What is a(y)?
10
Let l(v) = 2*v - 6. Let i be l(4). Suppose k - 10 = -0*d + d, -3*k + i*d = -31. Let h = -8 + k. Let t(n) = -n**2 + 3*n - 3. Determine t(h).
-3
Let n(x) be the third derivative of x**6/120 + x**5/10 - x**4/24 - 4*x**3/3 + x**2. Suppose -o = -5*w - 31, 0 = 3*w - o - 5 + 24. Give n(w).
-2
Let l(u) = -54 + u + 61 + 0*u - 2*u. What is l(-8)?
15
Let k(g) = 5*g**2 + g - 1. Let o(q) = -4*q**2. Let p(c) = -5*k(c) - 6*o(c). Calculate p(-6).
-1
Suppose 5*w + n - 22 = 0, 0 = -4*w - 6*n + n + 26. Let b be (3 - (w - 2)) + -1. Let h(c) = 5*c**2 - 6*c**2 + b*c**2 - 4*c. Give h(-2).
4
Let b(t) = 2*t - 1. Let w(m) = m**2 + m + 2. Suppose -4*d = -2*d. Let l be w(d). What is b(l)?
3
Let n(i) = -i**2 + 180*i**3 - 179*i**3 + 11*i**2 + 7*i + 0*i**2 - 10. What is n(-9)?
8
Let o(w) = 105*w - 216*w - 3 + 106*w - w**2. Give o(-3).
3
Let x(z) = 7*z**3 - z**2 + 2*z - 7. Let g(o) = -3*o**3 - o + 3. Let k(p) = 5*g(p) + 2*x(p). Give k(-2).
3
Let r(q) be the first derivative of -q**5/60 + q**4/6 - q**3/3 + q**2 - 1. Let v(w) be the second derivative of r(w). Calculate v(5).
-7
Let j(g) = 42*g - 9*g - 14*g - 13*g. Give j(1).
6
Let l(r) = -3*r**2 + r + 1. Suppose 2*k = -3*m - 2, 5*k + 1 + 4 = 4*m. Calculate l(k).
-3
Let v = -5 - -12. Suppose -12 = 4*a - v*a. Let o(w) = w**2 - 6*w + 5. Let g be o(a). Let d(i) = i**3 + 3*i**2 - 4*i - 4. Give d(g).
8
Let p(r) = -2*r**3 - 4 - 9 + r**2 + 12. Determine p(-1).
2
Let d(m) = m - 3. Let x be d(9). Suppose -5*g - x = -2*g. Let z(t) = t**3 + t**2 + t + 2. Determine z(g).
-4
Let g(m) = m**2 - 4*m + 1. Let x = -12 - -9. Let j be -3*(2 - (-9)/x). Give g(j).
-2
Let q be 160/(-28) + (-2)/7. Let n = -4 - q. Let y(c) = c. What is y(n)?
2
Let z(t) = t**3 - 5*t**2 + 3*t - 3. Suppose -3*r + r + 56 = 0. Suppose -4*s - 4*l = -9*s + r, -2*s - 2 = 5*l. Give z(s).
-7
Let h = -2 - -1. Let x(z) be the second derivative of -z**6/60 - z**3/6 + 2*z. Let v(t) be the second derivative of x(t). Calculate v(h).
-6
Let q(p) = -5*p. Let d = 16 + -15. Calculate q(d).
-5
Suppose -2*r = -8, -3*r + 51 = 5*v + r. Let k(a) = -6*a**3 - 2*a**2 + 0*a**3 + v*a**3 + 4 + 5*a**2 - 4*a. Determine k(-4).
4
Let s(k) = k + 12. Let g be s(-13). Let l(n) = -n**3 - n. Calculate l(g).
2
Let x = -11 + 8. Let z(i) = 7*i**2 + 12*i + 15. Let j(p) = -8 - 6*p + 0 - 4*p**2 + 0*p. Let o(a) = x*z(a) - 5*j(a). Calculate o(-4).
3
Suppose -u = -3*u. Let b(q) = -1 - 6*q**2 + u + 2 - 2. Give b(1).
-7
Suppose -4*t + 23 = -0*l + 3*l, -2*t = 5*l - 15. Let a(d) be the second derivative of 0 + 4*d + 1/2*d**4 - 1/2*d**2 - 2/3*d**3 - 1/20*d**5. Calculate a(t).
4
Let l(q) = 2 - q**2 + 4*q - 5*q**3 + 4*q**3 - q**2. Suppose -2*o + 3*c + 3 = 0, 5*o - 2*c + 8 + 1 = 0. Let t be l(o). Let h(z) = 3*z**2 - 1. Determine h(t).
2
Suppose -2*v + 4*b = 0, -5*v + b = -3*b. Let n(m) = m**3 - 2*m**2 + 3*m - 3. Let s be n(2). Suppose v*r + s*r = 3. Let d(x) = x**3 + x**2 - x. Determine d(r).
1
Let j(v) be the third derivative of v**4/4 - 2*v**3/3 - 47*v**2. Determine j(3).
14
Let d(m) = -m + 1. Let b = -15 + 21. Let n(r) = r**3 + 4*r**2 + 2*r - 2. Let l be n(-3). Let y(x) = 7*x - 14. Let o(f) = b*d(f) + l*y(f). Determine o(0).
-8
Let c(n) = 2*n - 6*n + 1 + 2*n. Let y(w) = w + 4. Let l be y(-2). Suppose -l*x - 1 = -x. Give c(x).
3
Let p be 3*1/3 - -4. Suppose -3*v + p*v = 72. Suppose 5*d = v - 11. Let a(o) = -o**3 + 4*o**2 + 3*o + 4. Calculate a(d).
-6
Let b(d) be the second derivative of d**3/6 - 5*d**2/2 + d. Let c be b(0). Let y(h) = -22*h + 6. Let s(o) = -7*o + 2. Let m(l) = c*y(l) + 16*s(l). Give m(4).
-6
Let g(v) = -v**2 + 2. Let f(a) be the first derivative of -a**4/2 - a**3/3 + a + 2. Let w be f(1). What is g(w)?
-2
Let f(k) = -k + 6. Let w(q) = 0*q - 5 - 3*q + 0*q + 4*q. Let p(x) = 2*f(x) + 3*w(x). Let a be 26/8 + (-2)/8. Determine p(a).
0
Let i(w) = 0*w**3 - w**3 + 2*w**3 + 4*w + 4 + 5*w**2 + 3*w. Let j = 5 - 9. Determine i(j).
-8
Let n(y) be the second derivative of -y**5/20 + y**3/6 + y**2 + 22*y. Give n(2).
-4
Let u be 0*(-4 + 2)/(-2). Let q = 0 + u. Let p(f) = 2*f**2 - 6*f**2 + 4*f**2 + f**2 + f. Determine p(q).
0
Let q(o) = 3 + 2*o - o**3 + 0*o + 2*o**3 + 3*o**2. Calculate q(-2).
3
Suppose 0 = 11*r - 15*r + 20. Let o(i) = i**3 - 4*i**2 - 5*i + 4. What is o(r)?
4
Suppose 6*c - 4 - 44 = 0. Let n be 3 + -1 + 0 + 1. Suppose -k = -n*k + c. Let b(a) = -a + 5. Determine b(k).
1
Let v = 11 - 9. Suppose t - 3*b + 6 = v*b, 0 = -3*t + 4*b + 4. Let y(z) = -z**3 + 5*z**2 - 5*z - 1. Calculate y(t).
-5
Let s(y) = -2*y**3 + 1 - y**3 - y**2 - 7*y**3 - y. Determine s(1).
-11
Let l(h) = -4*h**2 + 1. Let r be (-1)/1 - (12 + -11). Let m be 0*(-1)/3 + r. Calculate l(m).
-15
Suppose 0 = -4*p + 11 - 3. Let h(v) = -v**2 + 0 - 2 + p*v - 2. Give h(4).
-12
Let f(w) = w**3 + 3*w**2 - w. Let j be f(-2). Let l(g) = -g**3 + 6*g**2 - 2*g - 2. Give l(j).
-14
Let a = -140 + 144. Let f(p) = -p**3 + 2*p**2 + p. Determine f(a).
-28
Let h(d) = -d**3 + d**2 - d + 12. Suppose -8 = -4*w + 4*p, p - 3*p - 4 = 0. Calculate h(w).
12
Suppose 3*o + 0 - 12 = 0, 19 = -3*c + 4*o. Let j(q) = -2*q**2 - 1. Determine j(c).
-3
Let f be 1/(-2 + 3 + -2). Let o = -1 + f. Let q(s) be the third derivative of s**4/24 + 2*s**3/3 - 24*s**2. Determine q(o).
2
Let v(b) = -5 - 2*b + 5 + 3*b + 6. Suppose 1 = -2*q - 9. Calculate v(q).
1
Let a(h) be the third derivative of h**6/20 + h**5/30 - h**4/24 + 6*h**2. Calculate a(1).
7
Let j(o) be the second derivative of -o**5/20 + 5*o**4/12 - 5*o**3/6 + o**2/2 - 17*o. Determine j(4).
-3
Let z(j) = -j**3 - 6*j**2 - 6. Let k(l) = 6*l**3 + l**2 + 7*l + 6. Let b be k(-1). What is z(b)?
-6
Suppose -106 + 16 = -9*y. Let d(j) = j**2 - 11*j + 9. Determine d(y).
-1
Let b(h) = 0 + 4 - 3 + h + 1. What is b(-6)?
-4
Let c(m) = m**3 + m**2 - 4*m + 1. Let v(w) = w**2 + 8*w + 5. Let d = -5 + -2. Let r be v(d). Let h(g) = -g**3 - 4*g**2 - 2*g + 1. Let u be h(r). What is c(u)?
-5
Let d(i) = i**3 + i**2 + i. Let n(q) = -3*q**3 + 3*q**2 - 4*q + 3. Suppose -3 = 2*l + l. Let p(o) = l*n(o) - 2*d(o). Determine p(5).
7
Let r = 74 + -84. Let j(d) = -d**3 - 11*d**2 - 9*d + 4. Give j(r).
-6
Let j(i) = i**3 + 6*i**2 + 5*i + 6. Let a = 2 - 2. Suppose 5*s = -a*s - 25. Give j(s).
6
Let t = 5 - 2. Let v be (-1 + 4)/t + 4. Let h(o) = 3*o - v + o + 4. Give h(1).
3
Let l(i) = -i**2 - 6*i - 2. Suppose -5*r - 4 + 14 = 0. Let s = -2 - r. Calculate l(s).
6
Let i(o) = o**2 + 1. Let y be (7/((-21)/6))/(4 + -6). Give i(y).
2
Let f(h) = -h**2 - 2*h - 1. Suppose 5*u = -k, 0 = -4*k - k + 25. Calculate f(u).
0
Let a(n) = n**2 + 2*n - 2. Let c be -2*1*1/(-1). What is a(c)?
6
Let u(r) = -2*r + 6. Let m be u(0). Let f(q) = 3 + m*q**2 + 12*q - 7*q - 4*q - q**3. Calculate f(6).
9
Let d(b) = -b - 2 + 4 - b**3 + b**2 + 1. What is d(0)?
3
Suppose -155*k + 160*k - 20 = 0. Let m(p) be the third derivative of 0 - 3*p**2 + 0*p + 2/3*p**3 + 1/24*p**k. Give m(-6).
-2
Let u be -1 + (-9 + 3)/(-2). Let b(m) = 13*m - 6*m + u - 6*m. Determine b(-5).
-3
Let r(m) = -1 + 4*m + 5*m**2 - 3*m**2 - 6*m + 4. Determine r(2).
7
Let j(u) = -u**2 + 5 - 1 + 2 + 7*u. Let a be j(7). Let f(w) = w**2 - 7*w. Calculate f(a).
-6
Suppose 12 = w - d, -2*w + 5*d + 3 = -36. Suppose 0 = -5*o + w - 22. Let c(f) = f**3 + 3*f**2 - f + 2. What is c(o)?
5
Let z(m) = -7*m - 61. Let c(q) = 4*q + 31. Let v(w) = -5*c(w) - 3*z(w). What is v(0)?
28
Let x(y) be the first derivative of -2*y**3/3 - 4*y**2 + 5*y + 15. Calculate x(-6).
-19
Let i = 15 - 13. Let h(b) = -55 - b + 27 + 24 + b**i. Determine h(4).
8
Let n(q) = q**2 + 3*q - 2. Let c = -40 - -35. Calculate n(c).
8
Let f(t) be the second derivative of t**3/6 + t**2 + 3*t. Let v = 2 - 7. Let n(l) = -3*l - 3. Let j(r) = v*f(r) - 2*n(r). Determine j(5).
1
Let s(n) = 3*n**3 - 2*n**2 - 3*n - 2. Let t(r) = -r**3 + 1. Let u(w) = -s(w) - t(w). Let g be u(-1). Let i(f) = 0*f**2 + f + f**2 - 3*f**2. Give i(g).
-6
Suppose -z = -l - 5, 0*l - 2*l - 4*z - 4 = 0. Let y(w) be the second derivative of -w**5/20 - 5*w**4/12 - 7*w**3/6 - 5*w**2/2 - 2